remainder when z is divided by 14.
13
Calculate the remainder when 69 is divided by ((-7)/(-3))/(-1)*-6.
13
Suppose 0 = 10*t + 35 - 805. What is the remainder when t is divided by 20?
17
Let h(f) = -f**2 - 12*f - 11. Suppose -9 = q - 0. Calculate the remainder when h(q) is divided by 6.
4
Let g be (0 + 5/(-2))*-2. Let r(b) = 3*b**2 - 4*b**2 - 5 + 3 + 7*b. What is the remainder when 15 is divided by r(g)?
7
Calculate the remainder when 91 is divided by ((-1)/(-2))/((-2)/(-124)).
29
Suppose -12 = 2*y - 6*y, -3*x - 3 = -4*y. Calculate the remainder when 13 is divided by x.
1
Suppose w = 4*w - 2*o - 1, o = 1. Let c be w*-2 + 1 - -1. Suppose 0 = -3*r + u - c*u + 18, 2*u = -6. Calculate the remainder when 9 is divided by r.
4
Let m(y) = y + 1. Let b be 2/8 + 2/(-8). Let r be (-1)/(-2)*2*b. Calculate the remainder when 1 is divided by m(r).
0
Suppose 2*i + 2*t - 95 = -29, 2*t + 82 = 2*i. What is the remainder when i is divided by 10?
7
Suppose -4*l = -2*l + 2*q - 2, 3*l + q = 13. Suppose -4*s = -s - 2*b + 28, 5*s - 3*b + 46 = 0. What is the remainder when ((-12)/6)/(1/s) is divided by l?
4
Let o = -103 + 139. What is the remainder when 105 is divided by o?
33
Let x = -8 - -11. Let o(w) = 3*w + 1. What is the remainder when o(2) is divided by x?
1
Let y = 49 - 35. What is the remainder when y is divided by 4?
2
Suppose -5*q - z = z - 86, 4*q - 66 = -3*z. What is the remainder when 106 is divided by q?
16
Suppose -s = -0 - 3. What is the remainder when 1/5 - 38/(-10) is divided by s?
1
Suppose 4*f + 3*z - 725 = 0, 5*z = f - 0*f - 187. What is the remainder when f is divided by 37?
34
Suppose -q + 9 = -4*v, 2*v = 5*q - 2*v + 3. Calculate the remainder when q/9*120/(-4) is divided by 7.
3
Let q = -4 - -7. Suppose 2*l - 3*g + 4 = 66, q*l - 76 = -4*g. Calculate the remainder when l is divided by 10.
8
Suppose -47 = -4*n + 1. What is the remainder when 23 is divided by n?
11
Suppose 4*d = 4*p + 65 - 5, 3*d - 17 = -4*p. Calculate the remainder when 32 is divided by d.
10
Suppose 5*c = 55 + 15. Let s = -24 - 22. Let x = -6 - s. Calculate the remainder when x is divided by c.
12
Let f(m) = 16*m**2 - 2*m - 5*m**2 + 2*m. Calculate the remainder when 4/3*(-24)/(-1) is divided by f(-1).
10
Suppose 2*u = u + 24. Calculate the remainder when u is divided by 9.
6
Let g = -3 + -21. Let p = -9 - g. Let r = 16 + 13. What is the remainder when r is divided by p?
14
Let y(n) = -n**3 + 10*n**2 + 5*n - 15. Calculate the remainder when y(10) is divided by 12.
11
Let u(s) = -8*s - s**2 - 3 - 6 + 2*s**2. Let p be u(9). Suppose 5 = z - p. What is the remainder when z is divided by 3?
2
Suppose -3*y + 64 = 2*k, 0*y + 4*y + 78 = 2*k. What is the remainder when k is divided by 18?
17
Let y = -96 - -117. What is the remainder when 164 is divided by y?
17
Let k = -8 - -25. What is the remainder when k is divided by -3*(1*-3 - 0)?
8
Suppose 86*v - 83*v = 42. What is the remainder when 66 is divided by v?
10
Let l(h) be the second derivative of h**5/20 - 2*h**4/3 + 2*h**3/3 - 11*h**2/2 + 2*h. What is the remainder when l(8) is divided by 6?
3
Let k be (-9)/(-6) - 7/2. What is the remainder when (k/(-3))/(3/99) is divided by 12?
10
Suppose -t - 5*s = 12, 4*t - 5*s = 35 - 133. Calculate the remainder when (-128)/t + (-10)/(-55) is divided by 2.
0
Let j be 0/(2 - 3) + 0. Suppose 5*w + 0*w + 115 = j. Let i = w + 38. Calculate the remainder when 43 is divided by i.
13
Calculate the remainder when (20/15)/(8/6) is divided by 1.
0
Let h be ((-15)/12)/((-2)/8). Suppose -2*d + 4*s + 3 + 11 = 0, 0 = -h*d - 3*s + 22. What is the remainder when d is divided by 2*2*(-3)/(-4)?
2
Suppose -64 = 5*l + 46. Let y be -2 + (-2)/2 + -47. Let p = l - y. What is the remainder when p is divided by 15?
13
Let s(r) = 12*r**3 - 2*r + 1. Let f be s(1). Suppose 70 = -5*i - 5*g, i - 2*g = -6*g - f. Calculate the remainder when 29 is divided by (i + 0)/(6/(-4)).
9
Suppose 0 = 4*o + o - 15. Let q(m) = 2*m**2 + 1. What is the remainder when 37 is divided by q(o)?
18
Let w = 43 + -26. Calculate the remainder when w is divided by 3.
2
Let z be (-2 - (2 + -2)) + 1. Let g(j) = 6*j**2 + 1. Calculate the remainder when 19 is divided by g(z).
5
Let i(a) = a**3 + 11*a**2 - 17*a - 15. Let j be i(-12). Let p = -26 + j. Calculate the remainder when 73 is divided by p.
16
Suppose 0 = -4*y + m - 51, -5*y + 5*m - 51 = -2*y. Let o = 78 + y. Let h = o + -45. Calculate the remainder when h is divided by 8.
5
Let k be 2 + -2 + -1 - 0. What is the remainder when 47 is divided by (k - -2)*(2 + 14)?
15
Let c(f) = 5*f - 4. Suppose -93 = -4*a - 3*b + 39, 3*a + 4*b = 106. What is the remainder when a is divided by c(4)?
14
Suppose -6 = -g - 3. Calculate the remainder when 8 is divided by g.
2
Suppose -5*s + 1 = -79. What is the remainder when s is divided by 6?
4
Suppose 5*i = 63 + 52. Calculate the remainder when 43 is divided by i.
20
Calculate the remainder when 2 - (-40)/2*(-140)/(-16) is divided by 36.
33
Let h(t) = -t**2 + 5*t - 1. Let a be h(2). Suppose 66 = -2*c + 7*c + 4*j, -a*c - 5*j = -65. Let r = -7 + c. What is the remainder when 27 is divided by r?
6
Let d(x) = x - 4. Let s be d(3). Let r(i) = -12*i**3 - 1. Let n be r(s). Let g = n + -5. What is the remainder when 16 is divided by g?
4
Suppose n = 5*r + 5*n - 22, 0 = -2*r - 2*n + 10. Calculate the remainder when 11 is divided by (-28)/(-8)*r/1.
4
Suppose 16 = 2*i + 2*i. Suppose -w - 3*f = -2*w + 7, -f = -i*w + 17. What is the remainder when 15 is divided by w?
3
Let n be 0 + -3 - 0/8. Let i = n + 65. Calculate the remainder when i is divided by 16.
14
Let i(r) = -6*r**2 - 29*r - 6. What is the remainder when i(-4) is divided by 7?
0
Suppose -11*h + 120 = -7*h. What is the remainder when h is divided by 16?
14
Let c(u) = 86*u - 5. Let a(t) = -4429*t + 258. Let b(s) = 5*a(s) + 258*c(s). What is the remainder when b(1) is divided by 15?
13
Let o = -3 + 28. Let w(k) be the third derivative of k**4/8 - 4*k**3/3 + 2*k**2. Calculate the remainder when o is divided by w(7).
12
Suppose -4*q = 3*q - 224. Calculate the remainder when q is divided by 9.
5
Let a be 16/(-3) + (-8)/(-24). Let h = a - -42. Calculate the remainder when h is divided by 13.
11
Let a(r) be the second derivative of -r**5/20 - r**4/4 - r**2/2 - r. Calculate the remainder when a(-5) is divided by 13.
10
Suppose i - 8 = -0. Suppose -3*w - w = -i. Suppose -6 = w*p - 14. What is the remainder when 6 is divided by p?
2
Let g be -6*(-1)/(-3 - -5). Suppose -2*o = 2*u - 12, 2*o = g*u + 2*u + 26. Calculate the remainder when 30 is divided by o.
6
Let g = -103 - -188. Suppose 5*z + h - g = 0, -3*h + 56 = 2*z + 9. Let k = -13 - -42. What is the remainder when k is divided by z?
13
Suppose 3*i + 4*a - 8*a - 1195 = 0, 0 = 2*i - 4*a - 790. Suppose -5*y + 0*y + 235 = 0. Calculate the remainder when y is divided by (-2)/10 + i/25.
15
Calculate the remainder when 2871/116 + 1/4 is divided by 3.
1
Let t(b) = b - 7. Suppose 0*q + 1 = l - 3*q, 2*l - 3*q = 11. Let i(y) = y**3 + 5*y**2 - y - 3. What is the remainder when t(l) is divided by i(-5)?
1
Calculate the remainder when 2/(8/34)*4 is divided by 18.
16
Let v = -35 + 53. What is the remainder when 60 is divided by v?
6
Let q(c) = -4*c**3 + 2*c. Let p = 27 - 12. Calculate the remainder when q(-2) is divided by p.
13
Let b = 10 - 1. Suppose -3*a - b + 3 = 0. Let s(o) = -o**3 + 2*o**2 + 4*o + 3. What is the remainder when 20 is divided by s(a)?
9
Let a(j) = 3*j - 6. Let w be a(3). Let v = w - 2. What is the remainder when 2 is divided by v?
0
What is the remainder when (-104)/(-3) - 5/(30/4) is divided by 8?
2
Let q = -42 + 22. Let v = q + 8. What is the remainder when 1/3 - 584/v is divided by 17?
15
Suppose 14 = 7*f - 84. Calculate the remainder when 43 is divided by f.
1
Suppose 56 = 4*l - 0*l. What is the remainder when 27 is divided by l?
13
Suppose -410 = -5*c + 5*h - 1640, -c - 246 = -4*h. Calculate the remainder when 98 is divided by c/(-10) - (-18)/45.
23
Suppose -11*d + 81 = -2*d. Calculate the remainder when 52 is divided by d.
7
Let y = 1 - 1. Suppose 62 = -y*k + 2*k. Calculate the remainder when k is divided by 1 - 0 - (-30)/3.
9
Let n(f) = 2*f**2 + 4*f**2 - 6*f**2 + 39*f**3. Calculate the remainder when n(1) is divided by 21.
18
Let q(i) = -2*i + 12. What is the rema